l(5). Let a(t) = -t + 10. What is a(z)?
2
Let j be -2 - (-7)/((-14)/(-12)). Suppose -2 = 2*k - 4, 6 = n + j*k. Let w = -2 + n. Let s(v) = v + 5. What is s(w)?
5
Let n(s) = 5*s - 15. Let z(u) = -3*u + 8. Let o(v) = -4*n(v) - 7*z(v). Calculate o(-6).
-2
Let s(f) be the third derivative of -f**6/120 - f**5/60 + f**4/8 - 7*f**3/6 + 417*f**2. What is s(0)?
-7
Let t(q) = -20*q + 18*q**2 + 21*q - 20*q**2 + 8*q**2. Suppose 3*d - 8 = -5*p + p, 2*p - 6 = -2*d. Give t(p).
5
Let x(i) = i + 2. Let c be x(0). Let l be (c/(-5))/(6/(-30)). Let b(h) = h**2 - 7*h + 3. Let j(o) = -o. Let p(t) = b(t) - 4*j(t). Calculate p(l).
1
Let r(p) = 5*p + 65. Let s(b) = 7*b + 76. Let a(h) = 5*r(h) - 4*s(h). Give a(10).
-9
Let y be (4/(-8))/(6/(-2844)). Let w(p) = -1 - 238*p + 0 + y*p. What is w(-6)?
5
Let v(g) = 2*g + 13. Suppose 7 = c + 4*z, 5*c + 0*c - 2*z = -53. Determine v(c).
-5
Let n = -5 + 5. Let t(m) = 2*m + 3 + 4*m**2 - 3*m**2 + n. Determine t(-4).
11
Let n(y) = -y**2 + 7*y - 4. Let b be n(3). Let t(j) = 2*j - 3*j + b + 0*j. Suppose 12*l = -23*l + 20*l. Calculate t(l).
8
Let o(j) = j + 6. Suppose -2*i + y + 17 = 0, -5*i + 24 = -3*y - 21. Suppose 2*d + 5*n = 5, -n + 0*n - i = -d. Give o(d).
11
Let y(c) = c - 1. Suppose 1161 = 6*l - 63. Let q be l/(-28) - 2/(-7). Let i be (-3)/9 - q/3. Give y(i).
1
Let d(b) be the first derivative of -b**3/3 - 17*b - 3. Suppose 0 = -4*p - 2 + 2. Calculate d(p).
-17
Suppose d = -3*i - 3*d + 8, -3*i = 3*d - 3. Let l(m) = m + 61. Let r(j) = -3*j - 169. Let s(y) = 11*l(y) + 4*r(y). Give s(i).
-1
Let s(x) = -9*x - 313. Let a be s(-35). Let k(y) be the first derivative of 0*y + 5/3*y**3 - 1/2*y**a - 5. Calculate k(-1).
6
Let u(k) = 5*k + 2. Let j(x) = -11*x - 4. Let h(c) = 2*j(c) + 4*u(c). Calculate h(-12).
24
Let v(d) = -36 + 7*d**2 - 7*d + 21 - d**3 + 26. Calculate v(6).
5
Suppose 0*d - 8 = 4*d, -4*y + 5*d = -34. Let u(w) = -9 - 10*w**2 + 4*w + 14*w + 1. Let t(v) = 7*v**2 - 12*v + 5. Let j(b) = 7*t(b) + 5*u(b). What is j(y)?
-5
Let d(h) = 3*h + 21. Let g be d(-5). Let y(n) = -10 - n - 2*n + g*n - 2*n. Give y(5).
-5
Let r be (1/(-3))/((-27)/(-567)). Let g(v) = -5*v - 8. Calculate g(r).
27
Let d(g) = -g**3 - 6*g**2 + 6. Let i be ((-7 + 26)*(1 + 2))/3. Suppose -i*u = -17*u + 12. Give d(u).
6
Let j(a) = -5*a**3 + 8*a**2 + 11*a - 30. Let g(l) = l**3 - 2*l**2 - 2*l + 6. Let h(t) = 11*g(t) + 2*j(t). Let m = 1 - 1. Let d be (m + 9)/(15/10). Give h(d).
6
Let c(m) = 4 + 1 + 5*m + 10*m - 6. Give c(-1).
-16
Let w(t) be the first derivative of 1/3*t**3 - 30 + 3*t**2 + 5*t. Give w(-4).
-3
Let r(a) = -a - 2. Suppose 36*v + 12 = 30*v. Determine r(v).
0
Suppose s + 3 - 11 = 0. Let o(f) = 3*f**3 + 11*f**2 - 1. Let t(a) = a**3 + 6*a**2. Let p(h) = 2*o(h) - 5*t(h). What is p(s)?
-2
Let f(y) = 3*y**2 - 2*y + 2. Let v(x) = x**3 + 24*x**2 - 2*x + 33. Let s(l) = -2*f(l) + v(l). What is s(-18)?
-7
Let d(g) = g**3 + 5*g**2 + 6*g + 71. Let r be d(-6). Let l(m) = 4*m - 1. What is l(r)?
-5
Let b(j) = 4*j + 3685 - 1846 - 1840 - 2*j + 0*j - 28*j**3. What is b(1)?
-27
Let i(w) = -4*w - 19. Let v be i(-2). Let k(s) = s**3 + 10*s**2 - 11*s - 9. Calculate k(v).
-9
Let d(m) = m**3 + 7*m**2 - m + 5. Let p(z) = 3*z**3 + 20*z**2 - 2*z + 15. Let q(c) = -11*d(c) + 4*p(c). What is q(-4)?
-23
Let c(d) = -1. Let a(l) = -3. Let u(z) = 4*a(z) - 11*c(z). Let b(y) = -y**3 + 4*y**2 - 3*y - 3. Let t(j) = -b(j) + 3*u(j). Give t(4).
12
Suppose -2*d = 4*t - 3*t + 5, 3 = -d. Let j(m) = 7*m**2 - 3*m - 1. Give j(t).
3
Let p(j) = 27*j - 20. Let h(m) = 7*m - 1. Let b(i) = -4*h(i) + p(i). Give b(-8).
-8
Let x(k) = -4 + 4 + k**2 + 4*k + 2*k. Let h(q) = 3*q**2 + 19*q. Let v(a) = 2*h(a) - 7*x(a). Let d(n) = n**3 - 7*n**2 - 10*n + 12. Let b be d(8). Calculate v(b).
0
Suppose -5 = -s + f, -4*f - 20 = -5*s + 4. Suppose s*q + 2*c + 14 = 0, 5*q - 2*c = -0*q + 5. Let d(p) = 10*p - 1. Give d(q).
-11
Let k(n) = -3*n**2 + 3*n**2 + 375 + n**2 - 749 + 13*n + 375. Determine k(-13).
1
Suppose 2*v + 1 = k - 1, -2 = -4*k + 2*v. Let h(j) = j - 8 - 1 + k*j. Let s = 12 - 6. Give h(s).
-3
Let k(j) = 5*j + 1. Let v(u) = 3 + 52*u + 60*u - 98*u. Let a(m) = -17*k(m) + 6*v(m). Let g = 7 + -13. Calculate a(g).
7
Let w(a) = -2*a + 9. Let u(f) = -2*f + 8. Let i(s) = 3*u(s) - 2*w(s). What is i(6)?
-6
Suppose -5*u + 2*t = 6*t - 36, 4*t + 44 = 5*u. Let v be (2 - (-2)/u)*(-8)/3. Let s(i) = i**3 + 4*i**2 - 7*i + 8. What is s(v)?
-22
Let p(r) = -83*r - 2. Let w(h) = 152*h + 3. Let x(o) = -11*p(o) - 6*w(o). Let l be 2/4*(-1 - -11). Calculate x(l).
9
Let u be 3/(-1) + 1 + 6. Let k(p) = 3*p**2 + 0*p + p**3 + 0 - u*p - 1. Let h be ((-6)/(-9))/((3/(-18))/1). Determine k(h).
-1
Let o(i) be the second derivative of -i**5/20 + 5*i**4/12 - i**3/3 + 7*i**2/2 - 167*i. Determine o(6).
-41
Let v(m) = -5*m**3 + 10*m**2 - 9*m - 4. Let w(k) = 6*k**3 - 11*k**2 + 10*k + 5. Let x(r) = -5*v(r) - 4*w(r). Let q = -2404 + 2409. Give x(q).
0
Suppose j - 3*l - 7 = 2*l, 4*j = -5*l + 28. Let s(u) = -7*u**2 + 6*u - 14. Let i(t) = -10*t**2 + 10*t - 20. Let c(n) = -5*i(n) + 7*s(n). Give c(j).
-5
Suppose 1 = w - 2. Let h be 216/32 - w/4. Suppose 0 = 8*u - h*u + 8. Let b(n) = -n**2 - n. Give b(u).
-12
Let i(k) = -6*k + 17 + 13*k - 6. Calculate i(-5).
-24
Suppose 0 = 4*m - 3 - 21. Suppose 0 = -j - m - 1. Let g(z) = -z**3 - 7*z**2 - z + 5. Determine g(j).
12
Let w(s) = 2*s - 6. Suppose -15 = -772*l + 775*l. Determine w(l).
-16
Let p = 17 + -20. Let w = 1 + p. Let l(y) = -y**3 - y**2 - y - 1. Calculate l(w).
5
Suppose 0 = 9*j + 9 - 36. Suppose -5*m = j*o + 17, 3*o - m + 2*m = -1. Let f(h) = -5*h**3 + h**2 - 2*h + 1. Give f(o).
-5
Let q = -5 - -1. Let i = -16 - -19. Let b(t) = -4*t**2 + 4*t**i + 6 + 1 - 5*t**3 - 2. Give b(q).
5
Let x(h) = 3*h**2 + 2*h + 1. Let l(i) = -4*i**2 - i - 2. Let y(j) = 2*l(j) + 3*x(j). Let z(b) = -3*b**2 - 45*b - 4. Let s be z(-15). Determine y(s).
-1
Let l(k) = -29*k**2 + 11*k - 16. Let g(m) = -7*m**2 + 3*m - 4. Let x(y) = -9*g(y) + 2*l(y). Calculate x(3).
34
Let l = 32 - 47. Let s be (1 - l)/(-1 - -2). Let i(k) = 7 + k + 0*k - s + 2*k. Calculate i(6).
9
Let n(y) = -6*y + 37. Suppose 5*v + 4 - 19 = -4*z, 4*z = -2*v - 6. Determine n(v).
-5
Let b(u) = -20*u + 5. Let w(a) = 13*a - 3. Let v(i) = -2*b(i) - 3*w(i). What is v(13)?
12
Suppose -2*n + 166 + 148 = 0. Let h = -156 + n. Let s(o) be the first derivative of 2*o**3/3 + o + 1. Determine s(h).
3
Let d(t) = 4 + 4717*t**2 + 6*t - 4716*t**2 + 0*t. What is d(-4)?
-4
Let o(n) = 7*n**3 - 18*n**2 + 15*n - 6. Let v(l) = 9*l**3 - 20*l**2 + 16*l - 6. Let j(q) = 4*o(q) - 3*v(q). Give j(11).
5
Let g be (0/2 - -1) + 1. Let f(y) = -2751*y**2 - y**3 - 1 - 3*y + 1 + 2 + 2752*y**2. Give f(g).
-8
Suppose 0 = -139*x + 154*x - 105. Let s(u) = -4 + 6*u**2 + 8*u - u**3 - 5 + 0*u**2. Calculate s(x).
-2
Let a(c) = 5*c + 4. Let b(x) = -14*x - 12. Let t(o) = 10*a(o) + 3*b(o). Let w be (-23)/8 - 21/168. Give t(w).
-20
Let j(w) = -w**3 - w**2 - w + 1. Let a(i) = -3*i**3 - i**2 - 8*i - 1. Let u = 15 - 14. Let q(p) = u*a(p) - 4*j(p). Determine q(-4).
-5
Let x(q) be the third derivative of q**6/120 + 11*q**5/60 + 5*q**4/12 + 3*q**3/2 - 71*q**2. Determine x(-10).
9
Let s = -3 + 9. Let u(p) = -6 - p + 0*p + 8 + 5. Give u(s).
1
Let w(v) = v**2 + 8*v + 12. Suppose 405 - 385 = -4*r. Give w(r).
-3
Let z(i) = -10*i**2 + 17*i + 20. Let x(b) = -3*b**2 + 5*b + 7. Let g(w) = -7*x(w) + 2*z(w). Give g(-4).
11
Let w be (-4)/28 - 52/28 - -1. Let n(f) = -3*f**3 - 5*f**2 + 4*f - 1. Let d(o) = -4*o**3 - 4*o**2 + 3*o - 1. Let l(x) = -5*d(x) + 4*n(x). Give l(w).
-8
Let w(o) be the first derivative of -5 - 1/3*o**3 - 5*o + 3*o**2. What is w(4)?
3
Let i(l) = -l - 3. Let n(m) = m**3 + 8*m**2 + 2*m - 10. Let p be n(-7). Let c = p + -25. Give i(c).
-3
Let y be (-3 + 1)/(3/(-18)). Suppose -t - y = -42. Suppose -6*z + z - t = 0. Let n(h) = h + 5. Determine n(z).
-1
Let i(p) = -10*p - 2*p + p. Let q = 235 - 161. Let w = 75 - q. Give i(w).
-11
Let l(y) = -y + 1 + 0*y + 0. Let g be ((-7 + 708/100)*-5)/((-1)/5). What is l(g)?
-1
Let a(x) = -9*x - 4. Suppose -3*k = -0*k - 9. Determine a(k).
-31
Let u(d) = -2*d**2 - 12*d - 10. Suppose 5*f + 9 = -t, -t - 8*f - 3 = -9*f. Give u(t).
6
Suppose 4 = 96*i - 95*i. Let t(o) be the second derivative of -1/3*o**3 + 2*o + 0 + 2*o**2. Give t(i).
-4
Let o(b) = 2*b**3 - 16*b**2 - 19*b + 4. Let v(x) = 2*x**2 + 2*x